0 = 8*v + 4*v - c. Suppose n + v*m - 279 = 0, 212 = n + m - 51. Is n prime?
False
Let p = -21 + 39. Suppose -278*o - 22812 = -290*o. Is o/9 - 4/p composite?
False
Let h(d) = -74*d + 185. Let s be 42/(-8)*(-16)/(-3). Is h(s) a composite number?
True
Let f = -1 - -5. Let q(x) = -x**3 + 19*x**2 - 21*x + 49. Let d be q(18). Is (-1387)/d + f/(-10) a prime number?
True
Let i be (-7)/((-42)/12)*1. Suppose 88 - 4746 = -i*b. Is b a composite number?
True
Suppose -1138*b = -1129*b - 516339. Is b prime?
False
Suppose k - 134 = 1987. Let j = -3649 + 2525. Let g = k + j. Is g a prime number?
True
Let x be 29583/(-12)*56/(-21). Suppose -19667 = -3*t + 2*m, -5*m - x = -t - 8*m. Is t a composite number?
True
Suppose 2*n - 242 - 654 = 0. Suppose -n*j - 14636 = -452*j. Is j a prime number?
True
Let y(o) = 27*o**2 + 227*o - 109. Is y(45) composite?
False
Suppose -4*m = -v + 2252, 9148 - 2472 = 3*v + 4*m. Suppose -17*k = -14*k + v. Let r = k + 1265. Is r prime?
True
Let t(z) = 5*z + 5301. Let k be t(0). Let w = -390 + k. Is w prime?
False
Is 42/(-77) - ((-4105670)/55 + 1) a composite number?
True
Suppose 0 = 26*v + 4*v - 150630. Is v composite?
False
Let h(u) = 27*u + 13. Let p be h(25). Suppose -p = -10*q + 6*q. Suppose -q*v - 7555 = -177*v. Is v composite?
False
Suppose 0 = -5*a - 2*u - 3*u + 155, -3*u + 159 = 5*a. Suppose a*s - 9544 = 25*s. Is s prime?
True
Let t = -179 + 183. Suppose 7*d - 5044 = 3*d + 2*w, -t*d - 4*w + 5056 = 0. Is d a prime number?
False
Is (-6)/(-18)*(-40 - 8856383)*1/(-3) a composite number?
False
Let q(m) = -531*m + 40. Let r be q(-17). Suppose 0 = -5*c - 5*z + 743 + r, -4 = -4*z. Is c a composite number?
True
Is ((-535)/(-107))/(-1 + 0) + (142398 - 2) composite?
False
Suppose 25 = 3*k + 2*k - 3*u, -5*k - u = -45. Let q be ((-2)/8)/(8/256*k). Is (q - 0)*2229/(-3) a composite number?
False
Let y be ((-9)/(-6))/((-18)/168). Let v = y + 18. Suppose 0 = q - v*q - 5*g + 437, 4*g = 2*q - 306. Is q prime?
True
Suppose 3*o + 2*o - 5*b = 340, 0 = 2*o - 5*b - 127. Let v = o + -67. Suppose -v*w - 1645 = -9*w. Is w a composite number?
True
Let j(n) = -1545*n + 8. Let g(s) = -1545*s + 6. Let y(p) = 5*g(p) - 4*j(p). Is y(-1) composite?
False
Is 6816 + 78/(-17 + 11) a composite number?
False
Let o(d) = -90324*d + 38. Let u be o(1). Is u/(-10) + 2/5 a composite number?
False
Let l(u) = -207*u**3 - 4*u**2 + 11*u - 19. Is l(-7) prime?
True
Is ((-4)/(-6))/(85/(-13407305)*(-2)/3) a composite number?
False
Let j be (4 - -2 - 3) + 19. Let p = j + -36. Is (p/(-6))/7*489 a prime number?
True
Is (-1365)/147 + 9 + 616820*(-6)/(-21) a composite number?
True
Let o(m) = m**2 + 5*m + 4. Let g be o(-4). Let c(b) = -b + 2562. Let y be c(g). Is ((-3)/6 + y/(-4))/(-1) a prime number?
True
Let o be 1 - (-4)/2 - 11/11. Let z(v) = v**3 + v - 2. Let n be z(o). Suppose -n*g + 466 = -6*g. Is g composite?
False
Suppose -21*p + 462898 = 33*p - 8*p. Is p prime?
False
Let u(a) = 2*a**2 - 19*a + 10. Let b be ((-14)/(-28))/((-1 + -1)/(-92)). Is u(b) composite?
False
Suppose -43700 = 3*j - 5*s, 2*j - 2*s = j - 14567. Let d = j - -23599. Is d a composite number?
True
Let g = -382332 - -865349. Is g composite?
False
Let z = 237401 - -350495. Suppose 51*w - z = 69035. Is w a prime number?
False
Suppose 2*z + 23 + 45 = 0. Let l = z + 123. Is l a prime number?
True
Let v(l) = 1065*l - 29. Let t(r) = 532*r - 15. Let p(s) = -7*t(s) + 4*v(s). Let c = -198 + 200. Is p(c) a prime number?
True
Let i(u) = -3*u**2 + 32*u - 25. Let f be i(13). Is (551/f)/(1/(-692)) prime?
False
Let f be ((-3)/(-6)*3)/((-15)/(-130)). Let v(g) be the third derivative of -g**5/60 + 9*g**4/8 + 3*g**3/2 - 2*g**2. Is v(f) composite?
False
Let k(f) = 1495*f + 143. Is k(6) a composite number?
True
Suppose 16*q = 15*q + 5. Suppose -1266 = -o + 2*j + 911, 5*j = q*o - 10895. Suppose -o = -3*u - 5*c, 2*u - 5*c - 1077 = 377. Is u a composite number?
False
Suppose 15119 = w + 18*c - 12*c, 5*c = -2*w + 30273. Is w a composite number?
False
Let l = -8276 + -588. Let n = -4083 - l. Is n a composite number?
True
Suppose -19 = -5*f + 3*d, -d = -3*f + 6*f - 17. Let v = 8 - f. Suppose -v*a + 9680 = 5*b - 0*a, -b = a - 1934. Is b a prime number?
False
Suppose 0 = 8*n - 10*n + m + 37, 3*n + 4*m - 61 = 0. Suppose -n*t = -14*t - 9335. Is t a composite number?
False
Let c be 16/24 + 15506/6 - 0. Let i = c + -1690. Is i a composite number?
True
Let l = -60 - -58. Is (l/(-4))/(29/24302) a composite number?
False
Let f be (304/(-114))/((-8)/(-60)). Let j(x) = 0 + 7 + 31*x + 14 + 6*x**2. Is j(f) a prime number?
True
Suppose 2*z - 2 = 66. Suppose -40*j = -z*j + 1332. Let a = -31 - j. Is a a composite number?
False
Is ((-2)/(-5)*-10 - 56163)*-1 a prime number?
True
Let r = -599779 - -870822. Is r a composite number?
False
Let d = 4729 - 2037. Suppose -d = 3*n - 24829. Is n prime?
False
Let n(h) = h**3 - 10*h**2 + 13*h - 2. Let c be n(9). Is (c*1198/(-8))/((-5)/10) a composite number?
True
Is 4533568/(-48)*15/(-20) a prime number?
False
Suppose 76019 - 10923 = 26*g - 21068. Is g a composite number?
True
Let i(b) = 4784*b - 3311. Is i(8) composite?
False
Is 8/(-52) - (-880)/143 - -29*10577 composite?
False
Suppose -l = -4*u - 19677, 3*l = 18*u - 21*u + 58971. Is l a composite number?
False
Let v be (-39)/78 + 7498/(-4). Let s = -616 - v. Is s composite?
False
Suppose 4*h - 4*u - 8 = 0, -u = 4*h - 19 + 21. Suppose 10*a - 6*a - 29508 = h. Is a a prime number?
False
Let g(f) = -29*f + 40. Let b(q) = -57*q + 79. Let r = 51 + -54. Let p(t) = r*b(t) + 5*g(t). Is p(16) a prime number?
True
Let u = 4241 - 3922. Is u a prime number?
False
Suppose -2*x = -5*d - 5, -27 = -2*d + 6*d + 3*x. Is ((-2)/5)/(((-6)/(-63565))/d) prime?
True
Suppose -5*k = 0, -4*s + 91376 = -9*k + 4*k. Suppose 9*l = 5*l + s. Is l prime?
True
Suppose 0 = 66*v - 2192233 + 1072569 - 2418068. Is v a prime number?
False
Let n = 23304 - 2567. Is n a composite number?
True
Let w be (-24)/(-3) - 3 - (4 + -2). Suppose -5*g = 4*z - 98244 + 33375, -38919 = -w*g - 3*z. Is g a composite number?
True
Suppose -489*b - 1026700 = -264*b - 245*b. Is b a composite number?
True
Let r(n) = 376*n + 757. Is r(25) a composite number?
True
Suppose -3*f = -5*j - 359 - 311, -3*j = f - 200. Is f a composite number?
True
Let t = 10645 - 10663. Let d(j) be the second derivative of j**5/20 + 11*j**4/6 - 8*j**3/3 - 43*j**2/2 + j. Is d(t) prime?
False
Is (188/(-423))/((-1)/9)*58717/4 a prime number?
False
Suppose -335*w + 346*w = -33. Is 1170 + (-11 - w) + 1 composite?
False
Let y(n) = 6311*n - 706. Is y(7) a composite number?
True
Suppose 4*q + 4*y = 188336, 4*y = -4*q + 9*y + 188363. Is q a composite number?
False
Let z = -1986 - -969. Let l = -394 - z. Is l composite?
True
Suppose -9*s + 209137 = -152564. Is s prime?
True
Is 6/21 + 583474/14 a prime number?
False
Suppose 3*i - 10 = -m, 2*m - 4*m = 3*i - 8. Suppose -3*k - 4124 - 142 = a, -i*k = -5*a - 21235. Let n = -2542 - a. Is n prime?
True
Let q(v) = -v**2 + 10*v - 17. Let h be q(7). Suppose h*z + w - 4 = -w, -4*z - w + 4 = 0. Is z/(-1*5/(-2425)) a prime number?
False
Suppose 0 = -4*x + 12, 2*v + 4*x - 11275 = 47651. Suppose 23*g - 53090 - v = 0. Is g a prime number?
False
Let n = -87 + 41. Let v = n - -49. Let j(t) = 42*t - 17. Is j(v) a composite number?
False
Let c(o) = o**2 + 1. Let p(a) = -a**2 - a + 25. Let u(j) = 2*c(j) + p(j). Suppose 26*f = -17*f + 645. Is u(f) a composite number?
True
Suppose -8*w - 2706 = 22*w - 1658736. Is w composite?
False
Suppose -820713 = -4*v + 3*q + 2542654, -2522506 = -3*v + 5*q. Is v composite?
True
Let s(y) = y**3 + 46*y**2 - 39*y - 139. Is s(51) a prime number?
True
Suppose -8*p + 27234 + 50190 = 0. Let b = p + 6379. Is b composite?
False
Let r be ((-384)/112)/((-8)/28). Is (-2 + 18/r)*-13058 a prime number?
True
Let m(c) = -5*c**2 + 104*c - 47. Let n be m(20). Suppose -n*y + 29024 = -y. Is y prime?
True
Let f = 935 + -931. Suppose -80536 = -f*z - 2*q, 4*q = -z + 3*z - 40268. Is z a prime number?
False
Suppose -1104689 = -39*i - 32*i. Is i a prime number?
True
Let j(v) = 2230*v**3 + 792*v**2 - 3176*v - 1. Is j(4) prime?
False
Let y(n) = -341*n**3 + 13*n**2 + 4*n - 889. Is y(-10) prime?
False
Let a(y) = -9 + 13*y + 60*y + 92*y + 4. Is a(6) a composite number?
True
Let f = -47 + 51. Let y(t) be the first derivative of 2